3).
-6
Calculate 2 + -14 + 9 + 0 + 11.
8
What is (21 - 9) + -11 + 6 + -5?
2
What is the value of 19 + (-40 - -10) + 11?
0
Evaluate 15 - (21 + (23 - 24)).
-5
What is (-5 + 9 - (7 + 1)) + -9 + 2?
-11
Calculate (-13 - (4 - 9)) + 38 - 11.
19
Evaluate -16 + 2 + 23 - (-3 - -9).
3
-22 - (5 + 4 + -5 - (0 - 0))
-26
25 - (-7 - (-31 - -8 - -7))
16
Evaluate 13 + -2 - (34 + -28).
5
What is the value of (-12 - (8 + -25 + -13)) + -4?
14
What is -1 - -7 - 23 - -11 - -7?
1
What is (-23 + 28 - (-1 - 2)) + -3?
5
What is 11 + -2 - -1 - (1302 + -1263)?
-29
What is the value of -1 - 7 - ((26 - 28) + -7)?
1
What is (561 - 537) + 1 + -24?
1
What is the value of ((-8 - -3) + -6 - -3) + -4?
-12
What is the value of (-7 - -4) + 10 + -14 + 1?
-6
(5 - (4 + 1) - -3) + (-21 - -14)
-4
Calculate 5 + (-3 - (5 - (3 - 4))).
-4
(18 - 2 - 17) + 6 + -1
4
What is (2 - 11 - -8) + (5 - -8) + -4?
8
Calculate -15 - (-675 + 673 + 8 + (0 - -1)).
-22
What is the value of -30 + 71 + -26 + (0 - -7) - -8?
30
-12 + 19 + 21 + -15 + (-2 - -3)
14
What is the value of 19 + -27 + -12 - (-6 - 1)?
-13
(-13 - -6) + (15 - (16 + 3))
-11
Calculate -10 + -23 + 50 + 2.
19
Evaluate 3 + 1 - 16 - (-6 + 2).
-8
(-1 + 13 + 1 - 0) + (99 - 101)
11
Evaluate -48 - ((14 - -24) + -55).
-31
(-4 - (15 - 11)) + -13
-21
Calculate (-31 - -24) + 0 + 1.
-6
Calculate (25 + -33 - 7) + 6 + 0.
-9
What is the value of (48 + -37 - 17) + (0 - -8)?
2
What is (220 - 184) + (-14 - 1)?
21
What is -3 - ((6 - 3) + (7 - 2) - 1)?
-10
What is 5 - (-8 + (-8 - -11) - 0)?
10
Evaluate -19 - -35 - -6 - 45.
-23
What is 5 + -1 + (4 - 1 - 4)?
3
What is -11 + (11 - 12 - -2)?
-10
28 + -1 - (-36 + (56 - 6))
13
What is the value of 3 + 1 + (17 - -1) + -34?
-12
16 - ((-72 - -34) + 70)
-16
What is -8 - (15 - (-12 + (35 - -12)))?
12
(-2 + -2 + -13 - -11) + -8
-14
Calculate 7 + -18 + -6 - -16.
-1
-6 - (-2 + (6 - 7) + -1)
-2
Calculate -8 - ((2 - 1) + (27 - 33) - -16).
-19
16 - 7 - 9 - (5 - 0)
-5
(22 - (1 + 13)) + -5
3
Calculate (6 - (-6 - (6 + -24))) + 6.
0
What is (-1 + (2 - -3) - 18) + -5?
-19
15 + (-7 + 2 - 3) + -8
-1
What is 10 - (-10 + 3) - (-3 + (-4 - -10))?
14
Calculate (3 - -2 - 10 - -2) + 3 - -12.
12
Evaluate -35 - (-5 + (1 - -6 - 4)).
-33
What is 6 + 12 + -14 + -5?
-1
Calculate (4 + -7 - 6) + (-35 - -32).
-12
Calculate 5 + (10 - (6 - -7)) - -4.
6
What is the value of 12 - (1 + -6) - (1 - -4)?
12
What is (-3 - -15) + -21 - (-3 - (-4 - -1))?
-9
What is the value of -24 - (-17 - 21) - 21?
-7
Evaluate -41 - (-29 - -26 - 16).
-22
Calculate -9 - (-40 + 4 + 13).
14
Evaluate -14 + 9 + 0 + -3.
-8
What is the value of 20 + (-8 - ((-4 - -9) + -12))?
19
What is the value of 13 + (-18 - -4) - 3?
-4
Evaluate 0 - (-1 + (-8 - -8)) - -18.
19
What is 5 + -7 + (-4 - 1)?
-7
(51 - 53 - (5 - -1)) + 0 + 0
-8
What is -25 + 9 - -4 - 0?
-12
Calculate (-3 - (27 + -15)) + 8 + 33 + -1.
25
220 - 217 - (2 + 11)
-10
What is the value of 15 + 14 + -8 + -7?
14
Calculate (-12 + -1 + 6 - 7) + 5.
-9
Evaluate 2 + -1 - ((10 - 1) + 15).
-23
Calculate 1 + 1 + (-17 - -13) - -1.
-1
Calculate -36 + 39 - (1 + 2 + 2).
-2
What is the value of 1 + -4 - 3 - ((6 - 9) + 3)?
-6
3 + (-14 - 8) - -14
-5
Calculate 5 + 2 + (-33 - -46) - (2 - 0).
18
What is -1 + (-15 + 2 - (0 + -1)) - -1?
-12
Calculate -5 + (2 - 10) + 13.
0
What is the value of -6 + 11 - (41 + -47)?
11
(-26 - -13) + (-5 - (-9 + 5 - -2))
-16
(12 - (6 + -1)) + -3 - 3
1
Evaluate -292 - -332 - (10 + 1 - (7 + -5)).
31
Calculate -5 + (7 - 26 - -17).
-7
Evaluate -12 + 15 + -8 + -1 + 10.
4
What is 0 + -6 - (-12 - -15) - (3 - 15)?
3
Evaluate (-4 + -7 + 26 + -6 - 4) + -19.
-14
Calculate 530 + -512 + -3 + 2 + 10.
27
Calculate 0 - 40 - 0 - (-43 - (-13 - 18)).
-28
What is the value of 5 + -11 + 13 + -10 - (-6 + -11)?
14
Calculate (9 + -9 - (1 - 4)) + (3 - -3).
9
Calculate 8 - (4 - 1) - (0 + 2 - -22).
-19
Evaluate 3 - (9 - 24) - 8.
10
-1 - (3 - (4 + -4 + 6))
2
What is 23 - (8 + -10) - 29?
-4
203 + -226 - (-19 - 2)
-2
Calculate -9 - (15 - (27 - -2)) - 20.
-15
Calculate (2 - ((2 - 1) + 0)) + 264 + -278.
-13
Calculate -3 - -1 - (47 - 40) - 16.
-25
(2 + 1 - 6 - 3) + (-1 - -16)
9
What is the value of -3 + (-12 - -5) + 14 + 3?
7
Evaluate -1971 + 1930 + (69 - 1).
27
0 + 0 - (-10 + 3 + 3) - -1
5
22 + (-4 - ((16 - 34) + 26))
10
Evaluate 7 + 3 - (-2 + 1 - 1) - 6.
6
What is 0 + -24 - (-232 + 223)?
-15
What is the value of (-35 - 3) + -4 - (588 - 607)?
-23
-28 - (-19 - -4) - -16
3
Evaluate (-3 - 0) + (52 - 50) + 1 + -8.
-8
Evaluate -6 - (13 + 4 + -5 - 10).
-8
-2 - 18 - -8 - (19 + -28)
-3
What is -3 - (-16 + (2 + 0 - -2))?
9
What is the value of 0 + 2 + -8 - (-16 - (6 + -18))?
-2
What is the value of (-1 - -1) + (-2 + -3 - (-15 + 4))?
6
Evaluate -2 + -19 + (9 + 6 - 23).
-29
Evaluate -4 + (4 - -4) - (6 - 16).
14
Evaluate 8 + (11 + -4 + 4 - -7).
26
What is -8 + (-32 - -6 - -16)?
-18
Evaluate -10 + 13 + -8 - -10 - 12.
-7
-3 - (88 - 92 - (0 - (-18 - 2)))
21
What is 0 - -12 - 1 - ((-50 - -22) + 28)?
11
What is the value of (-2 - -8) + (-11 - -12) + (-17 - -9)?
-1
What is the value of 0 + -7 + -92 + 91?
-8
What is the value of 7 - (-23 + (11 - -14))?
5
-27 + 29 - (3 + 0 + -13)
12
Calculate 185 + -163 - (-2 + 4 + -10).
30
Evaluate 5 - (1 + 14 + 15).
-25
What is the value of -20 + (-9 - -24 - -9)?
4
What is the value of 6 + (3 - (-28 - -16)) + -2?
19
16 - (15 + -3) - -9
13
What is the value of -114 + 106 + 8 + -1 - -6?
5
4 + 4 - (41 + -30) - 1
-4
Evaluate -21 + 17 - (4 - (0 + 14)).
6
Calculate 2 - (1 + 0 - (-5 - (-10 - -2))).
4
Calculate -12 - ((-3 - 2) + -3 + 11).
-15
Calculate -4 + 3 + (7 - -5) + -3.
8
6 + 4 + (-22 - -10) + 6
4
What is 0 - (-43 + 49 - (1 + 1 + 20))?
16
What is -21 + -7 + (-13 - -16) + 6?
-19
What is the value of 121 + -116 - (1 - 2) - (-1 + 12)?
-5
What is the value of 13 + -12 - (40 + -65)?
26
(-32 - (48 + -91)) + 2 + -41
-28
-2 + -3 + (3 - -1)
-1
Calculate (-2 - -4 - (17 - 19)) + 4.
8
Calculate -3 + 1 + 9 + -326 + 337.
18
0 + 2 + 0 - (-63 + 67) - -8
6
What is 8 - -1 - (7 - ((-6 - -16) + -10))?
2
Evaluate 6 + (4 + -2 - 5) - (-8 - -31).
-20
What is -5 - (20 - 18) - 3?
-10
What is (3 - (0 - (1 - 0))) + 22630 + -22601?
33
33 + -17 - (-5 - -8)
13
What is the value of (-37 - 0) + (-22 + 28 - -7)?
-24
-3 + (-13 - (-18 - -15 - 18))
5
8 + -16 + 8 + 14
14
0 + (-10 - -12 - -16) + -33
-15
What is the value of -2 - (-1 - -4 - (67 + -57))?
5
Evaluate -10 - (20 + -24 + -9).
3
0 + (-15 - (-4 - 13))
2
Calculate 20 - (-25 + 20 + 2).
23
(-12 - -2 - (-69 - -77)) + -3 + 2
-19
-34 + (-7 - (-4 - (5 + (12 - 4))))
-24
What is the value of (0 + 3 - 5) + 6 - (-115 + 123)?
-4
Calculate 9 + 2 + (0 - 6) + -3 + -18.
-16
What is the value of (-7 - (4 + 0) - -3) + (111 - 96)?
7
What is the value of -19 + -16 + 29 + -4 - (-15 - 2)?
7
9 + (-4 - (24 + 1 + 3 + 9))
-32
3 + (-2 - -7) - 9
-1
(-6 - 0) + (-116 - -121) + -1 + 2
0
Calculate -11 - -11 - (7 - (4 + 10)) - -2.
9
What is the value of 17 + 5 - 3 - (13 + -6 - 0)?
12
What is the value of 43 - 57 - (-12 - 0)?
-2
What is the value of -19 + 23 + -4 + -12?
-12
Calculate 8 + -23 + (11 - 6).
-10
Evaluate 1 + -14 + (41 - 41) + 2 + -3.
-14
Evaluate 7 - 11 - (4 + 1) - -6.
-3
-4 + 0 - (1 - 0) - (-15 - -22)
-12
What is the value of -2 + 25 + 81 + -92?
12
-30 - (-3 - -11 - (-33 + 48))
-23
Evaluate 5 + 14 + -2 + -12 + 7.
12
-95 + 97 - (-6 + -11)
19
What is -5 + (11 + 0 - 1) + (0 - 11)?
-6
(1 - (5 - 4 - 4) - 2) + 17
19
Calculate (-495 - -483 - (-1 - 11)) + (23 - -1).
24
Evaluate (-2 - (5 - (-9 - -5))) + 24.
13
Calculate -25 - (26 - 41) - 4.
-14
What is (-3 - (-12 - -7)) + -10?
-8
Evaluate 9 + -25 + -3 + 3.
-16
What is the value of (-2 - 1 - (-59 + 66)) + 5?
-5
What is the value of 36 + -122 + 44 + 44?
2
What is 11 - -2 - (-1 + 4)?
10
What is -19 + (-17 + 17 - -29)?
10
What is -11 + (-2 - -12 - 2) + 17?
14
Evaluate (3 - -10) + -15 - (-5 + 1) - -3.
5
What is the value of 6 - (2 + -3 + 2 - (-52 - -54))?
7
12 + (8 - 26) + (1 - -1) + 4
0
What is (-7 - (-1 - (4 + (7 - 3)))) + -10?
-8
What is 1 + -1 + (-9 - (-11 + -8))?
10
Calculate -12 + 2 + 6 + (-8 - -7).
-5
What is (-12 - ((0 - -10) + -10)) + 29?
17
-1 + (29 + -86 - -28)
-30
Evaluate -8 + 3 + -1 + -1.
-7
Calculate (13 - (-1 + 13)) + 13.
14
Calculate 59 - 62 - (8 + -1).
-10
What is the value of -3 - -2 - 12 - (-1664 + 1647)?
4
What is the value of (-8 - -2) + -8 + 27 - (-14 + 2)?
25
(12 - 15) + 4 + 